e -w = 4*p - 462. What is the remainder when p is divided by 20/(-7)*(16 - (17 + 6))?
13
Let a = 252 + 7. Calculate the remainder when a is divided by 57.
31
Let b(n) = n**3 + 4*n**2 - 17*n + 15. Suppose -t + 210 - 32 = 0. Calculate the remainder when t is divided by b(-6).
43
Suppose 2*c + 6 = 0, 4*y - c - 31 = 8*y. Let d(n) = 6*n**2 + 2*n - 3. Let k be d(4). Let b = y + k. What is the remainder when b is divided by 16?
14
Let b = -229 - -411. Suppose -10*j + 208 + 162 = 0. Calculate the remainder when b is divided by j.
34
Suppose 0 = 5*y + 3*h - 2770, 3*y - 5*h - 958 = 738. Let k = y + -364. What is the remainder when k is divided by 14?
11
Suppose 344*i = 342*i - 714. Let a = -316 - i. Calculate the remainder when 92 is divided by a.
10
Suppose 0 = 45*b - 24*b - 9177. What is the remainder when b is divided by 21?
17
Suppose -4*l - 174 + 609 = 5*o, -174 = -2*o - 4*l. What is the remainder when 2339 is divided by o?
77
Let r(p) = 3*p - 9. Let n(h) = 10*h - 7*h - 3*h + 4 - h. Let t(z) = 7*n(z) + 3*r(z). Calculate the remainder when 12 is divided by t(1).
0
Let v be (10/14 - 1)/((-9)/63). Let d be ((-3)/(-6) - v)/((-2)/164). Suppose -5*t = -d + 3. Calculate the remainder when 94 is divided by t.
22
Suppose 4 = -a + 3. Let l(g) = 235*g**2 + 26*g + 1. What is the remainder when l(a) is divided by 43?
38
Let h = -20 + 72. Let y(n) be the second derivative of -n**4/6 - 19*n**3/6 - 15*n**2/2 - 17*n. Calculate the remainder when h is divided by y(-6).
25
Let h(s) = -s**2 + 58*s - 648. Calculate the remainder when 555 is divided by h(18).
51
Let y(p) = p**2 - 50*p - 647. Calculate the remainder when y(-11) is divided by -2 + 4/1 + 11.
11
Let f = -148575 - -148667. Let i = 155 - 109. Calculate the remainder when f is divided by i.
0
Let q = 64 - 68. Let g(x) = 3*x - 42. Let l(m) = -7*m + 84. Let w(z) = q*l(z) - 7*g(z). Calculate the remainder when w(11) is divided by 11.
2
Let s(k) = k**2 + 26*k + 174. Calculate the remainder when 2463 is divided by s(-15).
6
Let k(y) = -4*y + 13. Let w be k(1). Suppose 3*h - 132 = -w*h. What is the remainder when 18 is divided by h?
7
Let q = -1933 - -2044. What is the remainder when 671 is divided by q?
5
Suppose -5*p = -v - 766 + 207, 577 = 5*p + 2*v. What is the remainder when 773 is divided by p?
95
Let g(d) = 76*d**2 + 152*d + 18. Calculate the remainder when 252 is divided by g(-2).
0
What is the remainder when 3397 is divided by (15/4)/(797/(-80) + 350/35)?
97
Suppose 2*s - 714 = -2*w, s + 199 - 544 = w. What is the remainder when s is divided by 12?
3
Suppose -i + 5*n + 93 + 218 = 0, -i + 3*n + 309 = 0. What is the remainder when i is divided by 119?
68
Calculate the remainder when -6*(((-2065)/15 - 4) + -1) is divided by 20.
16
Suppose -5*z + 127 = -13*i + 10*i, 18 = 3*i. Calculate the remainder when 788 is divided by z.
5
Let c = 332 - 231. Calculate the remainder when c is divided by 22.
13
Let w be (-4)/2 - (-105)/21. Suppose 0 = 5*z - 4*v - 119, -3*z - w*v = -41 - 25. What is the remainder when 113 is divided by z?
21
Let r = 852 - 687. Calculate the remainder when r is divided by 94.
71
Let s be 94*(6 + -6 + 2*-1). Let x = s - -199. What is the remainder when 108 is divided by x?
9
Suppose -2*y - 10530 = -4*w, -4*y + 9709 = 5*w - 3395. What is the remainder when w is divided by 165?
153
Suppose 14*t = 17*t - 51. Suppose 0 = t*v - 22*v + 215. Calculate the remainder when 83 is divided by v.
40
Let j = 527 + -278. Suppose -64*d - 106 + 369 = -441. What is the remainder when j is divided by d?
7
Suppose 0*g + 666 = 3*u - 4*g, 12 = 4*g. Suppose 0 = -4*f + w + u, -12*f = -7*f + 2*w - 289. Calculate the remainder when f is divided by 12.
9
Suppose -188*d + 216*d = 5936. Calculate the remainder when d is divided by 126.
86
Suppose 0 = -88*h + 41169 + 23599. Calculate the remainder when h is divided by 74.
70
Let l(b) = 7*b**2 + 10*b + 2. Suppose 0 = 7*t - 8*t - 2. Let c be 1/t + (-50)/20. What is the remainder when 173 is divided by l(c)?
33
Suppose 0 = 11*k - 7*k, -3*q + 0*q = 2*k - 18. Calculate the remainder when 127 is divided by q.
1
Let s(q) be the first derivative of -3*q**2 - 12*q - 34. Suppose 0 = 2*t - 2*x + 4, 0 = 3*t + x - 10. What is the remainder when s(-4) is divided by t?
0
Let m = -34 + 36. Let w(o) = 5 - 126*o**3 + 3*o + 3*o**2 - m*o + 124*o**3. What is the remainder when w(-3) is divided by 22?
17
Let n = -9481 + 9491. Let u = 75 + -41. Calculate the remainder when u is divided by n.
4
Suppose p - 4*d + 530 = 883, -2*d = -2*p + 724. What is the remainder when p is divided by 42?
29
Let y(n) = n**2 - 8*n + 7. Suppose 0*v + 78 = 3*v. What is the remainder when v is divided by y(9)?
10
Let l = -8355 - -9337. What is the remainder when l is divided by 142?
130
What is the remainder when (-9 - -10)*17 + 0 + (-5 - 0) is divided by 4?
0
Calculate the remainder when ((-3)/(-4) - 385/(-4))*(7 + -6) is divided by 37.
23
Suppose 8*t = 4*t - 21 + 73. Let x = -34 - -80. Let v = x - -17. Calculate the remainder when v is divided by t.
11
Let k(g) = -g**3 + g**2 + 8*g - 1. Let u be k(3). Suppose -u + 1 = -a. Let n(z) = 79*z - 3. What is the remainder when n(a) is divided by 45?
43
Let o = -1083 + 1236. What is the remainder when o is divided by 147?
6
Suppose -3*v + 69 + 42 = 0. Let o = 71 - 35. Calculate the remainder when v is divided by ((-2)/(-7))/(o/2520).
17
Let w(h) = -2086*h + 6281. Calculate the remainder when 18859 is divided by w(3).
22
Let v = -24 + -21. Let f be (65 - 51)/(7/2). What is the remainder when -20*f*18/v is divided by 17?
15
Let i(g) = g**2 - 19*g - 571. Calculate the remainder when 193 is divided by i(36).
29
Let h = 148 + -145. Let s be 3 - 2 - 4/8*-4. Suppose s*f + q - 109 = 0, -2*q - 106 = -h*f - 0*f. What is the remainder when f is divided by 19?
17
Let h = -1566 - -1571. What is the remainder when 5653 is divided by h?
3
Let v(u) = -u**3 - 11*u**2 + 4*u - 15. Let l = 10 - 11. What is the remainder when v(-12) is divided by (2*-9 + 1)/l?
13
Let u = -322 - -386. Calculate the remainder when 57 is divided by (3/2 - 1)*1920/u.
12
Let p = -143 - -151. Suppose 6*q - 8 - 130 = 0. Calculate the remainder when q is divided by p.
7
Suppose -c = 63 + 231. Let u = 274 - 272. What is the remainder when 39 is divided by (1/u)/((-7)/c)?
18
What is the remainder when -10*(-108 - (14 - 4)) is divided by 83?
18
Let y = 180 + -119. Suppose -l = 4*p - 75, 5*p + 4*l - y = 30. Calculate the remainder when 337 is divided by p.
14
Let m be 0/((-7)/((-28)/(-12))). Suppose m = -3*p - 4*b - 34 - 67, 2*p - 3*b = -90. Let a = 42 + p. What is the remainder when a is divided by 2?
1
Suppose -j = -40 - 41. Suppose -p = -t - 0*p + 23, 3*t - j = -3*p. Let c(d) = d**3 - 5*d**2 - 2*d + 10. What is the remainder when t is divided by c(0)?
5
Let f(a) = a**2 + 2*a - 11. Let t be 2/(-7) - (-2 - 270/(-35)). Calculate the remainder when 1/4 - 502/(-8) is divided by f(t).
11
Suppose 1730 = 10*s - 5340. What is the remainder when s is divided by 190?
137
Let h(z) = -18*z - 68. Let w be h(5). Let y = w - -166. Calculate the remainder when -1*2 + 1 + 40 is divided by y.
7
Suppose 5*g = g + 64. Let s be 1/(44/(-16) + 3). Suppose -t - s = -14. What is the remainder when g is divided by t?
6
Suppose -111*z = -114*z - 1419. Let k = -469 - z. What is the remainder when (21/6)/((-1)/(-6)) is divided by k?
1
Let c be (-301)/(-4) + (-9)/(-12). Suppose -2*x + 136 + c = 0. Let j(w) = 7*w**2 - 78*w + 33. Calculate the remainder when x is divided by j(11).
18
Let k = 3646 - 3470. What is the remainder when k is divided by 3?
2
Suppose g = 5*y + 7, 4*y + 17 - 10 = g. What is the remainder when 81 is divided by g + (37 + -31)/((-1)/(-1))?
3
Suppose -5*v = -4*s + 61, -2*s - 1031*v = -1030*v - 13. Let r = 23 - 11. Suppose -o + r + 2 = 0. What is the remainder when o is divided by s?
5
Suppose -7*x = 52 - 668. Calculate the remainder when 471 is divided by x.
31
Suppose 3*w = 5*d + 1672, 2*w - 1113 = 2*d + d. Suppose 364 = 42*h - 644. Calculate the remainder when w is divided by h.
21
What is the remainder when 474 is divided by -7 + (-3171)/(-28) - 3/(-4)?
46
Let t(m) = 377*m - 2192. Calculate the remainder when t(6) is divided by 40.
30
Let j = -194 + 186. Calculate the remainder when -17*(6/j + 221/(-52)) is divided by 29.
27
Su